 - g**3 - 3*g - g + 0*g**3 - 1 - 44*g**2. Determine k(-2).
1
Let v(h) = 6*h + 1. Let s = -33 + 27. Let r be ((-18)/(-4))/(s/(-4)). Suppose -3 + 6 = r*p. Give v(p).
7
Let u = -16 + 12. Let j(a) = a**2 - 2*a + 1. Let x be j(3). Let i(t) = 1 - t + x + 3*t. Determine i(u).
-3
Let o = 45 - 24. Suppose 16*k = o*k + 10. Let w(v) = 3*v**2 + 1. What is w(k)?
13
Let h(a) be the second derivative of -a**4/12 - 3*a**3/2 - 3*a**2/2 - 70*a. Give h(-7).
11
Let f(d) = 19*d**3 - 2*d**2 + 1. Let i be 0 + 4 - (7 - 1). Let n be 5 - 2 - (6 + i). Determine f(n).
-20
Suppose 4*s + 9 + 1 = -5*b, -b = 3*s + 13. Let p(c) be the second derivative of 1/12*c**4 - 3*c + c**3 + 7/2*c**2 + 0. Give p(s).
2
Suppose 2*c = 5*c - 48. Let m(r) = -r**3 - 4*r**2 + 42*r - 17. Let x be m(-9). Let s = x - c. Let y(d) = d**2 + 7*d + 1. Calculate y(s).
-5
Let r(c) = -c + 16. Let n(z) = -z**3 - z**2 + z - 10. Let x be n(-3). Suppose x*u - 6*u = -15. Give r(u).
1
Let i(f) = -f. Let q be i(-2). Let n be -9*(-4)/24 + q/4. Let l(d) = -6*d + 3. Determine l(n).
-9
Let x(y) be the third derivative of -y**4/24 - 3*y**3/2 - 12*y**2 - 8. Determine x(-11).
2
Suppose 0 = 10*g + 142 - 112. Let k(r) = 2*r**3 + 10*r**2 + 9*r - 2. What is k(g)?
7
Let h be -1 + (6 - (-1 + 2)). Let w(d) = d + 6. Let r(c) = -2*c - 11. Let z(v) = -6*r(v) - 11*w(v). Let p(a) = 1. Let b(t) = -2*p(t) + 3*z(t). Give b(h).
10
Let q(i) = -26*i**2 + 4*i**2 + i**2 + 7*i**2. What is q(1)?
-14
Let n(i) = i**3 + 10*i**2 - 10*i + 13. Let s be (-189)/27 + 2 + -6. What is n(s)?
2
Let f(o) = -o**3 + o + 7. Let q be 80/15 + 1/(-3). Let t(k) = -3*k + 13. Let p be t(q). Let i be (-2 + p - -4)*-1. What is f(i)?
7
Let u(c) = -c**2 - 6*c + 2. Let j be -6 + 2/(-6)*-3. Let k(z) = z + 7. Let w be k(j). Suppose -w*r = 4*r + 30. What is u(r)?
7
Let c be (2/7)/(6/(-42)). Let n(u) = u**3 + 3*u**2 + 5*u + 6. Determine n(c).
0
Suppose -2*b - 18 = -2*p, -4*p = 4*b - 0 - 12. Let u(r) = 15*r - p*r - 8*r - 12 - 2*r. Give u(-6).
-6
Let v(c) be the third derivative of -c**5/60 - c**4/12 + c**3/3 - 809*c**2. Let t = -6 - -3. Let g(h) = -h**2 - 3*h - 4. Let b be g(t). Give v(b).
-6
Let m(u) = u + 5. Let k be m(-3). Let z(i) = 8*i**2 + 0 - 11*i**k - 1 - i + 3*i. Let w(d) = 2*d**2 - 2*d + 1. Let s be w(1). Determine z(s).
-2
Let x be 1 - 1 - (-1 - -1). Let i(y) be the first derivative of 5*y**2/2 - 8*y - 28. Let u(s) = 4*s - 7. Let f(m) = -5*i(m) + 6*u(m). Determine f(x).
-2
Let q(u) = 12*u**2 + 4*u - 11*u**2 - 3*u. Let g(d) = -d**3 - 9*d**2 + d + 8. Let b(m) = g(m) + 4*q(m). Determine b(-6).
14
Let l(c) = c**3 - 4*c**2 + 2*c - 6. Let g be l(4). Let a(q) = 3*q**3 - 2*q - 17*q**2 + 21*q**g - 2*q**3 + 3*q - 2. Determine a(-4).
-6
Let p(l) = 1. Let x(t) = -t**2 - t. Let y be x(-3). Let q(v) = v - 3. Let i(m) = y*p(m) - 3*q(m). Let d be (-64)/(-10) - 26/65. What is i(d)?
-15
Let i(d) be the third derivative of d**6/360 + d**5/40 - 5*d**4/3 - 11*d**2. Let t(q) be the second derivative of i(q). What is t(-2)?
-1
Let w(a) = a**2 + 3*a - 1. Let s(z) = 2*z**2 + 7*z - 2. Let x(b) = 2*s(b) - 5*w(b). Let n = -74 - -74. Let h be (-4 + n)/((-22)/(-11)). Determine x(h).
-1
Let a(i) = 68*i. Let o be a(1). Let q(f) = 1 + 5 + o*f - 2*f**2 - 74*f - 3. Calculate q(-5).
-17
Let x(a) = 5*a**2 - 4*a - 13. Let m(z) = -z**2 + z + 3. Let w(d) = -9*m(d) - 2*x(d). Let u(g) = 5*g**2 - 7*g - 12. Let n(y) = -u(y) - 6*w(y). Give n(-12).
6
Let y be (-6)/(-4) - (-75)/(-10). Let x be ((-21)/(-9))/(2/y). Let j(g) = g - 1. Give j(x).
-8
Suppose -3*h + 0*g + 5 = 4*g, -h - 2*g = -3. Suppose 3*s - s - 4 = 0. Let q(x) = -4*x**3 - 2*x**2 + 2*x**2 - x**s + 0*x**2. Calculate q(h).
3
Let z(c) = -c**2 - 8*c - 16. Let f = 231 - 239. What is z(f)?
-16
Let p = 2644 + -2646. Let m(n) = -n**2 - n - 2. Calculate m(p).
-4
Let q(m) = -4*m**2 + m. Suppose 0 = 5*t + 2*i - 3*i + 3, 3*i + 6 = 0. Calculate q(t).
-5
Let z(o) = o + 4. Let j = 23 - 18. Let r(p) = -1. Let x(t) = j*r(t) + z(t). Calculate x(3).
2
Let a(i) = i**3 - 7*i**2 - 9*i + 8. Let r = -49 + 85. Suppose -2*p - 3*p - 4*k + r = 0, 4*p + 5*k - 27 = 0. What is a(p)?
0
Let k(f) = -49*f + 16. Let i(m) = -39*m + 16. Let c(j) = -5*i(j) + 4*k(j). Give c(-11).
-5
Let o(m) = m**2 - 38*m + 46*m + 44358 - 44365. Let j be 2/7 + (-44)/7. Determine o(j).
-19
Let r(y) be the first derivative of -3*y**2/2 + 4*y + 343. Give r(-1).
7
Let u be 2*6/(-24)*(-1 + -1). Let l be -3 - (-7 - -11 - 8*u). Let f(z) = 7*z - 7. Let d(b) = -3*b + 3. Let a(h) = 5*d(h) + 2*f(h). Calculate a(l).
0
Let w = 18 - 15. Suppose 5*c - c = -g - 13, -21 = -3*g + w*c. Let u be 0/((-6)/g - 0). Let f(d) = d**2 + d + 8. Calculate f(u).
8
Let l(k) = 6*k**2 - 57*k + 59. Let z(q) = -q**2 + 11*q - 12. Let m(j) = -2*l(j) - 11*z(j). Calculate m(-10).
-16
Let i(k) = -4*k. Suppose -2*c = 3*h - 12 - 9, 0 = -5*c. Let s be 2/7 + 5/h. Calculate i(s).
-4
Suppose 3*s - 21 - 69 = 0. Suppose 5*y = -0*y + s. Let b(k) = -k + 1. Calculate b(y).
-5
Let x = 0 - -10. Let c be (-2)/x - 32/(-10). Let w(n) = -n**2 + 5*n**2 - c*n**2 - 2 + 7*n + 8. Determine w(-4).
-6
Let l = 6 - 12. Suppose -40 = 64*f - 56*f. Let h(t) = 1. Let y(b) = b**2 + 5*b - 6. Let p(q) = f*h(q) - y(q). Determine p(l).
-5
Let q(g) = -2284*g**2 + 4*g**3 + 8*g - 4*g - 1 + 2289*g**2 + 1. What is q(-2)?
-20
Let h(z) = 18*z - z**2 + 4 + 23*z - 42*z. Let y be h(0). Let o(s) = -2*s + 4. What is o(y)?
-4
Suppose 0 = -3*r - 1 - 11. Let l be (10/8)/(3/12). Let c(f) = -3 - f - f**2 + 1 + l. Give c(r).
-9
Let s(i) be the third derivative of i**6/120 - i**5/20 - i**4/24 - i**3/6 + 12*i**2. Let m = -259 + 262. Give s(m).
-4
Let v(f) be the second derivative of -1/12*f**4 + 0 - 11*f - 2*f**2 + f**3. Give v(5).
1
Let s(c) be the first derivative of -11*c**3/3 - c**2/2 + c - 88. Give s(-2).
-41
Let p(f) be the third derivative of 13*f**6/60 - f**5/60 - f**4/24 + f**3/6 - 12*f**2. Give p(1).
25
Let x(b) = -3 + 1541*b + b**2 - 1542*b - 1. What is x(-2)?
2
Suppose 12*b = -35*b + 470. Let j(w) = 4*w + 1. Calculate j(b).
41
Let l(j) = -j**2 + j + 9. Let s(n) = n**2 + 4*n - 5. Let g be s(-5). Suppose 3*m + g - 9 = 0. Let o be m + (0 - -1) + -4. Give l(o).
9
Let c(a) = -7*a - 37. Suppose 0 = -48*z - 286 + 94. What is c(z)?
-9
Let s(i) = i**3 + 9*i**2 - 4*i + 5. Suppose -4*t - 85 = -49. Calculate s(t).
41
Suppose 4*u + 10 = 9*u. Let o(y) = -4 + 3*y**2 + 5*y - 8*y + 3 + 2. Calculate o(u).
7
Suppose 4*o - 7 = 5*c, c + 19 - 5 = 5*o. Suppose 5*d = d + 8. Suppose -d*f + 9 = c. Let b(h) = h**2 - 3*h + 5. What is b(f)?
9
Let y = 1045 + -1039. Let w = -5 - -5. Let l(r) = r - 2*r + w*r. Determine l(y).
-6
Let h(k) = 6*k**3 + 3*k**2 + 2*k - 1. Let a(f) = f**3 - f**2 - 2*f. Let l(m) = 2*a(m) + h(m). Determine l(-2).
-57
Let c(b) = -b**2 - 5*b - 6. Let w(n) = n**2 + 6*n + 7. Let t(z) = 3*c(z) + 2*w(z). Let y be (-11)/(-66)*2*3*1*-4. Calculate t(y).
-8
Let m(c) be the first derivative of 4 - 4*c + 1/2*c**2 + 1/2*c**3 - 1/12*c**4. Let g(k) be the first derivative of m(k). What is g(4)?
-3
Let m(x) = -3*x**3 + 17*x**2 + 5*x + 10. Let n(h) = 5*h**3 - 26*h**2 - 7*h - 15. Let t(q) = -8*m(q) - 5*n(q). Determine t(-5).
-5
Let l be 4/1 - (-3 + (4 - 2)). Let a = l - 10. Let b(s) = -s**2 - 7*s - 6. What is b(a)?
4
Let x(t) = 9 - 1 + 0 - 2 + 4*t. Determine x(-5).
-14
Let t be -3*1/(-6)*8. Let n(l) = -7 - 1 - 5 + 3*l + 9. Calculate n(t).
8
Let j(y) = y**2 + 5*y - 8. Let l(v) = -2*v + 4. Let u(p) = j(p) + 2*l(p). What is u(-4)?
12
Let m(q) be the second derivative of q**5/20 - q**4/3 + q**3/3 - q. Let u be (4/(-8)*3)/((-2)/4). Suppose 0 = 5*t - 4*t - u. Determine m(t).
-3
Let a(l) = 3*l - l + l - 4*l. Calculate a(11).
-11
Let d(j) = 4*j + 11. Let b be d(11). Suppose 5*w = 2*s + 3*s + b, 2*w = 3*s + 32. Let c(u) = u**3 + 11*u**2 + 9*u - 3. Calculate c(s).
7
Let b(o) be the first derivative of -10*o + 7/2*o**2 + 1/3*o**3 - 3. What is b(-7)?
-10
Let p(x) = x + 13. Let z(a) = 3*a + 40. Let f(s) = -7*p(s) + 2*z(s). Determine f(8).
-19
Let v be 29 + (-2 - (-2 - -3)). Let j = 28 - v. Let a(w) = 4*w**j + 5*w - 3 - 3*w**2 + 0*w**2. What is a(-6)?
3
Suppose 11*c - 4*c = 0. Let d(w) = w + 15 + c*w**3 + 10*w**3 - 14 + w**2. Suppose -5*q = 5*s + 30, 2*q - 33 + 10 = 5*s. Give d(q).
-9
Suppose 13*l + 30 = 19*l. Suppose 2*p + 3*x - l = 23, -20 = -5*p + 5*x. Let a(v) = v**3 - 9*v**2 + 10*v - 11. Calculate a(p).
5
Let c(n) 